82*k + 125017. Determine n(22).
13
Let s(u) = 387849*u - 2714952. What is s(7)?
-9
Let l(d) = -2*d**2 + 95*d + 67126. Calculate l(-161).
-11
Let b(u) = 12*u**3 + 13*u**2 + 30*u - 25. Determine b(-4).
-705
Let g(n) = 3*n**2 + 292*n + 120. Calculate g(0).
120
Let g(i) = -i**2 + 5687*i + 45250. Give g(-8).
-310
Let v(m) = 2*m**3 - 12*m**2 + 142*m - 1085. Determine v(9).
679
Let g(h) = -30068*h - 1804077. Determine g(-60).
3
Let y(n) = -7499*n**2 + 113*n + 127. What is y(-1)?
-7485
Let g(k) = 448*k - 64015. Determine g(141).
-847
Let p(i) = 293*i - 4110. What is p(34)?
5852
Let q(m) = 6*m**2 - 150*m + 6. Determine q(25).
6
Let j(t) = -3*t**3 - 37*t**2 - 61*t + 21. Calculate j(-8).
-323
Let d(q) = -827*q + 167058. Determine d(202).
4
Let j(g) = -2*g**3 - 74*g**2 + 466*g - 2164. Give j(-43).
-14
Let j(b) = -51224*b + 2151369. Calculate j(42).
-39
Let l(k) = 673*k - 237622. Determine l(354).
620
Let j(r) = 84*r - 1503. What is j(20)?
177
Let o(r) = -59220*r - 473755. Calculate o(-8).
5
Let i(h) = -2*h**2 + 42*h + 16949. Determine i(-82).
57
Let o(d) = -d**3 + 53*d**2 - 76*d - 1545. Give o(51).
-219
Let o(b) = -2*b**3 + 34*b**2 + 32*b - 122. What is o(18)?
-194
Let z(y) = 2617*y + 20162. Calculate z(-8).
-774
Let c(s) = -284*s - 6645. Give c(-25).
455
Let b(t) = t**3 + 14*t**2 - 242*t + 115. Give b(10).
95
Let u(f) = -3*f**2 + 802*f - 18571. What is u(238)?
2373
Let g(k) = -17022*k + 85135. Determine g(5).
25
Let o(h) = -2738*h + 54762. Calculate o(20).
2
Let z(d) = 3669*d - 297186. Determine z(81).
3
Let h(m) = 108848*m - 1088367. What is h(10)?
113
Let f(k) = -5042*k + 65579. Determine f(13).
33
Let s(r) = -103*r - 5091. What is s(-60)?
1089
Let r(c) = -56*c**3 + 71*c**2 - 300*c - 32. Calculate r(4).
-3680
Let f(v) = 82*v**2 + 450*v + 451. Calculate f(-6).
703
Let a(f) = -2*f**3 - 34*f**2 - 24*f + 120. Calculate a(-12).
-1032
Let l(y) = 15439*y + 1096199. What is l(-71)?
30
Let n(x) = -3330*x - 406344. Determine n(-122).
-84
Let n(d) = 27*d - 1506. Determine n(20).
-966
Let g(z) = -1796*z + 5253. Give g(3).
-135
Let j(h) = -h**3 - 17*h**2 + 82*h + 323. Calculate j(12).
-2869
Let p(b) = -4*b**2 + 760*b - 12718. What is p(18)?
-334
Let q(l) = -235*l**2 - 25150*l - 657. Give q(-107).
-122
Let p(y) = 32*y**2 - 67*y + 197. Calculate p(4).
441
Let x(o) = -11*o**2 - 43*o - 321. What is x(-6)?
-459
Let n(r) = r**3 + r**2 - 24*r - 125. Determine n(7).
99
Let c(a) = -3*a**3 + 2*a**2 - 16*a + 53. Give c(3).
-58
Let u(j) = -2*j**3 + 95*j**2 + 41*j + 278. Calculate u(48).
-58
Let c(y) = -6*y**2 + 93*y - 487. Determine c(10).
-157
Let m(j) = 1959*j + 291743. Give m(-149).
-148
Let a(l) = -14*l**2 - 247*l - 180. Calculate a(-4).
584
Let r(i) = -297*i + 61. Give r(5).
-1424
Let n(b) = -155*b**2 - 1212*b + 1. Determine n(-7).
890
Let s(b) = b**3 - 196*b**2 + 969*b - 2936. Determine s(191).
-262
Let a(g) = 3510*g + 186054. Calculate a(-53).
24
Let l(r) = -236886*r + 1895082. What is l(8)?
-6
Let i(a) = -80600*a + 13863193. Calculate i(172).
-7
Let r(x) = 18511*x + 110407. Give r(-6).
-659
Let n(m) = -m**3 + 39*m**2 + 50*m - 3326. What is n(38)?
18
Let n(i) = -65*i - 152. What is n(14)?
-1062
Let j(n) = -130*n - 15344. What is j(-114)?
-524
Let b(v) = 2*v**3 - 743*v**2 + 67117*v - 314. Determine b(155).
-4
Let y(b) = 6*b**3 + 1654*b**2 - 547*b + 1409. Calculate y(-276).
29
Let b(y) = 7823*y**2 - 70856*y + 4051. Determine b(9).
10
Let s(d) = -d**2 - 289*d - 14692. Determine s(-65).
-132
Let r(v) = -6*v**2 + 1312*v + 21526. What is r(234)?
-2
Let l(c) = -3706*c - 47866. What is l(-13)?
312
Let x(n) = n**2 - 18415*n - 10567403. Calculate x(-557).
1
Let o(v) = v**2 - 500*v - 29829. Determine o(-54).
87
Let v(a) = -2936*a + 29508. Determine v(10).
148
Let v(z) = -z**3 - 27*z**2 + 361*z + 4109. Give v(-8).
5
Let c(a) = -15*a**3 + 11*a**2 - 173*a + 732. What is c(6)?
-3150
Let u(q) = -17784*q - 108727. Determine u(-6).
-2023
Let s(g) = g**3 - 45*g**2 - 46*g + 126. Calculate s(45).
-1944
Let b(a) = -3*a - 1658. Determine b(-98).
-1364
Let f(c) = 3593*c - 18362. Give f(5).
-397
Let k(i) = i**3 + 60*i**2 + 105*i - 655. Determine k(-58).
-17
Let c(h) = 2276*h - 27312. Give c(12).
0
Let r(s) = 49768*s + 49763. Calculate r(-1).
-5
Let k(x) = -2013*x + 48264. Give k(25).
-2061
Let o(c) = -10*c + 1059. What is o(-24)?
1299
Let b(m) = 16*m**2 - 658*m + 5335. Determine b(30).
-5
Let s(r) = -11*r**2 - 140*r - 328. Determine s(-12).
-232
Let s(n) = 4*n**2 + 110*n + 330. Calculate s(-25).
80
Let k(v) = 88078*v - 5813171. What is k(66)?
-23
Let k(s) = -10517*s + 97157. What is k(9)?
2504
Let b(t) = 2*t**2 + 66783*t + 2534860. Determine b(-38).
-6
Let j(k) = -4*k**3 + 548*k**2 - 588*k + 5971. Determine j(136).
-13
Let d(p) = 188845*p - 1133067. What is d(6)?
3
Let j(f) = -2*f**2 - 435561*f - 3484357. Give j(-8).
3
Let s(m) = 9357*m + 65605. What is s(-7)?
106
Let t(h) = 939*h + 5646. What is t(-4)?
1890
Let u(n) = -116093*n + 1160960. Give u(10).
30
Let r(o) = -2*o**3 + 140*o**2 + 453*o - 1118. Give r(73).
-23
Let g(r) = 3*r**2 + 15*r - 1915. Calculate g(41).
3743
Let h(w) = -6*w**3 - 144*w**2 + 841*w + 108. Determine h(5).
-37
Let p(g) = 1602*g + 386374. What is p(-241)?
292
Let i(s) = -9*s**2 + 188222*s - 188208. Calculate i(1).
5
Let k(c) = -c**2 - 136*c - 4306. Give k(-65).
309
Let w(x) = 47*x**2 - 602*x - 167. Give w(13).
-50
Let y(x) = -4*x**3 + 36*x**2 - 73*x + 358. What is y(8)?
30
Let g(y) = 683*y + 18792. Calculate g(-28).
-332
Let x(q) = 61*q - 7116. Determine x(107).
-589
Let s(n) = -8*n**2 + 1321*n - 1889. Give s(164).
-413
Let b(l) = 657*l + 6359. Give b(-11).
-868
Let m(v) = -115*v**2 - 227*v + 936. Calculate m(2).
22
Let i(g) = -45*g**2 + 27356*g + 2427. Give i(608).
-5
Let k(u) = -u**3 + 1043*u**2 - 261252*u + 869. Give k(418).
33
Let a(f) = 50*f**2 + 7*f + 51. Give a(2).
265
Let n(t) = 103*t**2 + 1959*t + 42. Calculate n(-19).
4
Let l(h) = h**3 + 12*h**2 + 3284*h + 22747. Determine l(-7).
4
Let n(j) = -15*j**3 - 11*j**2 - 376*j + 2506. What is n(6)?
-3386
Let r(v) = 2*v**3 - 47*v**2 + 99*v + 188. Determine r(21).
62
Let l(n) = 5*n**3 - 98*n**2 - 1674*n + 105. Determine l(-11).
6
Let o(w) = 5*w**3 - 79*w**2 - 1478*w + 23396. Determine o(16).
4
Let d(j) = 47*j**2 + 515*j + 23. Calculate d(-11).
45
Let g(h) = -35860*h + 717532. Calculate g(20).
332
Let k(m) = 2*m**2 - 426*m + 19708. Calculate k(68).
-12
Let m(p) = -p**3 + 64*p**2 + 2444*p + 1187. What is m(91)?
4
Let f(m) = -21*m**3 - 67*m**2 + 41*m + 343. Calculate f(-2).
161
Let a(i) = 881*i + 4198. What is a(-7)?
-1969
Let a(h) = 16163*h + 2505294. Calculate a(-155).
29
Let i(y) = -787*y + 188891. Give i(240).
11
Let p(n) = -24283*n - 96983. Give p(-4).
149
Let i(x) = x**3 - 14*x**2 - 151*x + 286. Calculate i(21).
202
Let y(u) = 650*u**2 - 642*u - 4. Determine y(1).
4
Let n(r) = 314*r - 3752. Calculate n(9).
-926
Let w(a) = 110*a**2 + 7136*a - 1093. What is w(-65)?
-183
Let c(r) = 8*r**3 - 27*r**2 + 6*r + 83. What is c(0)?
83
Let x(o) = 7*o**2 + 158*o + 1883. What is x(-14)?
1043
Let f(n) = 2*n**3 - 202*n**2 - 402*n + 14. What is f(-2)?
-6
Let s(a) = 86*a - 10059. Calculate s(117).
3
Let t(g) = g**3 + 27*g**2 + 154*g + 848. Give t(-23).
-578
Let p(n) = -2*n**3 + 245*n**2 + 4835*n - 34484. Give p(139).
-12
Let c(k) = -k**2 + 2685*k + 26936. Determine c(-10).
-14
Let r(t) = -758715*t + 6828438. Calculate r(9).
3
Let b(l) = -10773*l - 64860. Determine b(-6).
-222
Let g(m) = 524*m - 10905. Give g(22).
623
Let d(p) = -2*p**3 - 153*p**2 + 707*p + 11849. What is d(-80)?
89
Let b(k) = -17*k**2 + 7819*k + 39482. Calculate b(-5).
-38
Let w(p) = -15*p**2 - 430*p - 61. Give w(0).
-61
Let h(r) = -29*r**2 + 3910*r - 7836. Determine h(2).
-132
Let z(b) = -35*b - 4552. What is z(-139)?
313
Let m(f) = -474*f - 19456. Determine m(-38).
-1444
Let f(b) = -b**2 - 778*b + 18515. What is f(23)?
92
Let f(w) = -w**3 - 102*w**2 - 4*w - 414. Give f(-102).
-6
Let u(s) = 2*s**2 + 1097*s + 110527. What is u(-133)?
4
Let u(o) = -o**3 - 12*o**2 + 212*o + 306. Determine u(11).
-145
Let t(r) = -r**3 + 131*r**2 + 1580*r - 24. Determine t(-11).
-222
Let i(s) = -s**2 + 2024*s + 179265. What is i(-85)?
0
Let h(g) = 2172*g + 11060. Calculate h(-8).
-6316
Let w(j) = -223557*j - 670648. Give w(-3).
23
Let b(t) = -21*t**3 + t**2 + 1. What is b(1)?
-19
Let g(